, -2*h + 177 = -l. What is the highest common divisor of h and 44?
44
Let u = -342 + 223. Let y = u + 223. Calculate the highest common factor of y and 13.
13
Let a = 82 - 46. Let v = -420 - -429. What is the greatest common divisor of v and a?
9
Let i = 8 - -3. Let v be -2 + 2/((-2)/(-1)). Let d be v/((9/3)/(-363)). Calculate the greatest common divisor of d and i.
11
Let z(d) = -3*d**2 - 28*d + 11. Let l(g) = -2*g**2 - 19*g + 7. Let w(o) = -7*l(o) + 5*z(o). Let h be w(-6). Calculate the highest common divisor of 12 and h.
12
Let x be (3/(-1))/(-6)*0. Suppose x*b + 18 = 2*b. Calculate the greatest common factor of 1 and b.
1
Let a = 7 - -10. What is the highest common factor of a and 136?
17
Let s = -18 - -30. Calculate the highest common divisor of s and 132.
12
Suppose 3*y + 2*q = 198, -3*y - 2*y + 330 = -3*q. Calculate the greatest common divisor of y and 6.
6
Suppose 3*w + 2 - 5 = 0. Suppose -w = -0*d - d. Calculate the greatest common factor of d and 4.
1
Let p = 12 + -21. Let y be 45*(-2 - 30/p). Suppose 2*b - y = -2*b. What is the greatest common divisor of b and 3?
3
Let b(j) = 15*j - 111. Let r be b(9). Calculate the greatest common factor of r and 56.
8
Suppose -234 = -7*u + u. What is the highest common divisor of u and 312?
39
Suppose 56 = z + 5*h + 3, z + h = 49. What is the greatest common factor of z and 384?
48
Suppose -4*l = -3*x + 178 - 54, 0 = 5*x - 4*l - 204. Calculate the greatest common factor of 10 and x.
10
Let x be (-2)/(-7) - 8048/(-56). Calculate the highest common factor of 16 and x.
16
Let p be ((-32)/(-3))/((-4)/(-30)). Calculate the highest common divisor of p and 20.
20
Let m = 7 - 8. Let b = m - -100. Calculate the greatest common divisor of 11 and b.
11
Suppose -1 = 4*z + 15. Let l = z + 13. What is the greatest common factor of l and 18?
9
Let s(k) = -k**2 + 25*k + 28. Let a be s(26). What is the greatest common divisor of 1 and a?
1
Let l = 54 + 31. What is the highest common factor of l and 51?
17
Suppose -3*i - m = -8*i + 54, -3*i + 34 = -m. Let x(l) = -19*l**3 + 2*l**2 - 1. Let g be x(-1). What is the greatest common divisor of g and i?
10
Let a = 17 + -9. What is the greatest common factor of 112 and a?
8
Let y = -8 - -19. Let s = 9 + -6. Suppose -307 = -3*u - 2*j, -4*u + s*j + 381 = -0*u. Calculate the highest common factor of u and y.
11
Let k = -14 - -29. Suppose -4*o - o = u + k, o + 3 = -3*u. Let v = o + 10. What is the greatest common factor of v and 63?
7
Let q = 9 - -10. Suppose o + 96 = 5*a, -4*a - 4*o = -2*o - 74. Calculate the highest common factor of q and a.
19
Let a be (25/(-20))/((-2)/88). Suppose -5*q - 14 = -124. What is the greatest common divisor of q and a?
11
Suppose 5*g - 200 = 40. Calculate the greatest common factor of 72 and g.
24
Suppose -17 = 6*s + 31. Let c be 54/(-45)*(-2 + s). Calculate the highest common factor of c and 3.
3
Suppose 0 = 8*h + 41 - 321. What is the highest common divisor of h and 7?
7
Let i be 69 + (15/3)/5. What is the greatest common divisor of 10 and i?
10
Let r = 0 - -8. Let a(x) = x + 6. Let v be a(-6). Suppose -2*o - 5*n + 4 = v, 0 = -o + 4*n - 0 + 2. Calculate the highest common divisor of r and o.
2
Let g(m) = -3*m - 2. Suppose -s = -5*s - 8. Let n be g(s). Suppose 0 = -n*u + 8 + 16. Calculate the greatest common factor of 30 and u.
6
Let a be (-56)/1*6/(-7). What is the greatest common factor of a and 6?
6
Let s(h) = 3*h**2 + h. Let i be s(-1). Calculate the greatest common divisor of i and 22.
2
Let a be (-81)/(-12)*4/(-1). Let f = a - -59. What is the highest common divisor of f and 48?
16
Let s = -8 + 15. Let n be 191/s + (-8)/28. What is the greatest common factor of 3 and n?
3
Suppose -5*u + 2*s = 2, -2*s + 2 + 0 = 5*u. Suppose -14 = -g - w, -3*w = 2*g - u*g - 27. Calculate the highest common factor of g and 6.
3
Let u = -3 + 3. Suppose 3*r + 9 = -u*r. Let x(d) = d**3 + 4*d**2 - 2*d - 1. Let w be x(r). What is the greatest common factor of 2 and w?
2
Suppose -3*x + 483 - 24 = 0. Calculate the highest common divisor of 17 and x.
17
Let r(n) = -n + 31. Let m be r(15). Calculate the highest common divisor of m and 56.
8
Let g(v) = 6*v - 8. Let z(w) = -w**2 - 11*w - 6. Let j be z(-10). Let u be g(j). Calculate the highest common divisor of u and 24.
8
Let h = -40 - 7. Let l = h - -71. Calculate the greatest common divisor of l and 72.
24
Let y = -55 + 95. Suppose h - 2*h + y = 0. Calculate the greatest common factor of 20 and h.
20
Let l(g) = g + 20. Let s be l(12). Calculate the greatest common divisor of 8 and s.
8
Suppose 3*w - w - 6 = 0. Let d(g) = g - g + 2 - 3*g + 11*g**w + g**2. Let p be d(2). Calculate the greatest common factor of 8 and p.
8
Suppose 5*p + 5 = 4*q, 2*q - 2 - 5 = p. Let c(f) = f**3 - 4*f**2 - f - 6. Let m be c(q). Calculate the greatest common factor of m and 126.
14
Let u = -15 - -12. Let w(d) = -37*d - 1. Let f be w(u). What is the greatest common divisor of 10 and f?
10
Let z(g) = g**3 + 7*g**2 + 5*g - 4. Let j be z(-4). Calculate the greatest common factor of 8 and j.
8
Suppose -n + 18 = n. Suppose 5*p - y + 2*y - 43 = 0, 0 = y + 2. What is the highest common divisor of n and p?
9
Suppose -2*y = 137 - 465. Suppose -5*m + y = -136. What is the greatest common divisor of m and 15?
15
Let c = 42 + 69. Let o = c + -56. Calculate the highest common divisor of o and 11.
11
Let h be (-1196)/(-20) - 2/(-10). Calculate the greatest common factor of h and 24.
12
Suppose 5*h - 3*h + 4*y = 24, 5*h - 5*y = 15. Suppose h + 2 = m. Suppose 2 = -2*f + m. Calculate the greatest common divisor of f and 21.
3
Let a(l) = 2*l + 29. Let u be a(-9). Suppose -5*o + 497 = -2*c, o - 3*c - 114 + 12 = 0. Calculate the highest common factor of o and u.
11
Let h(j) = 2*j**2 + 4*j - 4. Let o be h(4). Suppose w + 37 = 3*g, 21 = 3*g + 3*w - 0*w. What is the highest common divisor of o and g?
11
Let n(q) = q**3 + 6*q**2 - q - 14. Let h be n(-6). Let b be (-2)/h - 1362/(-24). What is the greatest common divisor of 19 and b?
19
Suppose 0*g + 20 = 4*g. Suppose -3*z + o = -103, -3*z + 80 = 5*o - 35. What is the highest common factor of g and z?
5
Suppose 3*z = -2*v - 119 + 16, z = -4*v - 231. Let n = v + 139. Let y be ((-12)/(-10))/(9/240). Calculate the greatest common divisor of y and n.
16
Let d = -691 - -187. Let v be (-8)/20 + d/(-10). Suppose 0 = -5*n - 6*l + l + v, 58 = 5*n + 3*l. What is the greatest common factor of n and 14?
14
Let b = 60 - 20. Calculate the highest common factor of b and 160.
40
Let v(m) = m**2 - 3*m. Let y be v(3). Suppose 4*r + y - 8 = 0. Let o be ((-24)/15)/(r/(-50)). What is the highest common divisor of 8 and o?
8
Suppose 13 = 4*a + 29. Let l be ((-3)/a)/(2/64). What is the greatest common divisor of l and 8?
8
Suppose 2*y = 3*y - 2*u - 37, 3*u = -4*y + 137. What is the highest common factor of y and 7?
7
Suppose 15*m - 17*m + 60 = 0. What is the greatest common divisor of m and 20?
10
Suppose -23 = u + 2*k - k, -k - 3 = 0. Let q = 45 + u. Calculate the highest common divisor of q and 5.
5
Let f be 3/(-15) + 41/5. Let n = 20 - f. Calculate the highest common divisor of n and 48.
12
Let u(n) = n - 1. Let s(p) = 4*p + 2. Let c(a) = s(a) - 5*u(a). Let i be (-14 - -12) + 2 + -8. Let k be c(i). What is the greatest common divisor of k and 5?
5
Suppose 0 = 10*f - 6 - 104. Let b = 144 - 98. Suppose b - 2 = 2*k. What is the highest common factor of f and k?
11
Let q(m) = m**2 - 8*m + 9. Suppose 4*l - 8 = 20. Let x be q(l). Suppose -5 = 2*t - 3*s, x*t + 0*s = -2*s + 20. Calculate the highest common divisor of t and 45.
5
Let v = -17 + 19. Let j = 32 - v. What is the greatest common divisor of 10 and j?
10
Suppose i - 13 = -3*z, 4*z + 21 = i + 3*z. Calculate the greatest common factor of i and 437.
19
Suppose -3*x + 6*x = 183. Suppose 23 = 2*q - x. What is the greatest common factor of 28 and q?
14
Suppose -2*n + 4*n = 8, -15 = w - 5*n. Suppose -5*g - 3*f + 237 = 0, 0 = 3*g - w*f - 93 - 22. Calculate the highest common divisor of g and 5.
5
Let z = -66 - -27. Let j = -3 - z. Calculate the greatest common factor of 9 and j.
9
Let q = 29 - -25. Let n = 49 + -43. What is the highest common factor of q and n?
6
Let h be ((-151)/(-5) - -1)/(3/10). What is the highest common divisor of 13 and h?
13
Let h(a) = a**3 + 7*a**2 + 5*a + 2. Le